is -13 (base 13) in base 12?
-14
-5 (base 9) to base 15
-5
What is 2 (base 10) in base 5?
2
What is -2 (base 6) in base 15?
-2
Convert -106 (base 7) to base 13.
-43
What is -3 (base 12) in base 14?
-3
0 (base 2) to base 6
0
Convert -4 (base 7) to base 9.
-4
111 (base 2) to base 12
7
-11 (base 5) to base 4
-12
What is 11 (base 2) in base 6?
3
-5 (base 12) to base 15
-5
What is 45 (base 8) in base 14?
29
Convert -344 (base 6) to base 9.
-161
What is 15 (base 9) in base 16?
e
Convert 3d (base 14) to base 4.
313
Convert 3 (base 5) to base 15.
3
Convert -16 (base 13) to base 16.
-13
Convert -53 (base 8) to base 7.
-61
-2 (base 3) to base 16
-2
What is 6 (base 15) in base 4?
12
Convert 1000 (base 2) to base 15.
8
-1 (base 16) to base 9
-1
What is 4 (base 9) in base 6?
4
What is 2 (base 13) in base 11?
2
What is 101 (base 2) in base 10?
5
166 (base 7) to base 12
81
Convert 11011 (base 2) to base 16.
1b
11 (base 13) to base 11
13
Convert -133 (base 6) to base 8.
-71
What is -145 (base 7) in base 4?
-1102
11 (base 2) to base 12
3
What is -13 (base 6) in base 4?
-21
Convert -5 (base 7) to base 6.
-5
What is -1a (base 11) in base 8?
-25
Convert -3 (base 13) to base 4.
-3
Convert 7b (base 13) to base 12.
86
What is -2 (base 7) in base 3?
-2
-2 (base 10) to base 6
-2
Convert 148 (base 13) to base 4.
3211
Convert 48 (base 16) to base 11.
66
-20 (base 3) to base 4
-12
What is -1121 (base 5) in base 7?
-320
What is -75 (base 13) in base 9?
-116
What is 0 (base 12) in base 14?
0
-5 (base 9) to base 6
-5
0 (base 2) to base 8
0
What is -45 (base 15) in base 9?
-72
What is 357 (base 10) in base 7?
1020
What is -3 (base 4) in base 10?
-3
-201 (base 3) to base 6
-31
-82 (base 13) to base 2
-1101010
What is -3 (base 14) in base 4?
-3
Convert -131 (base 6) to base 10.
-55
What is 10 (base 10) in base 6?
14
15 (base 11) to base 15
11
1011101 (base 2) to base 13
72
Convert 1251 (base 6) to base 8.
477
What is -3 (base 12) in base 9?
-3
Convert -2 (base 12) to base 4.
-2
What is -43 (base 6) in base 16?
-1b
Convert -19 (base 12) to base 6.
-33
-81 (base 9) to base 16
-49
Convert -402 (base 5) to base 13.
-7b
-25 (base 7) to base 9
-21
-5 (base 16) to base 9
-5
What is 14 (base 7) in base 4?
23
Convert -1 (base 9) to base 10.
-1
32 (base 14) to base 8
54
What is 1211 (base 3) in base 6?
121
What is -1 (base 6) in base 7?
-1
Convert 18 (base 9) to base 12.
15
Convert 13 (base 9) to base 2.
1100
-11 (base 3) to base 14
-4
-213 (base 4) to base 10
-39
Convert 145 (base 7) to base 8.
122
Convert 1 (base 8) to base 6.
1
What is 245 (base 9) in base 5?
1303
What is -202 (base 4) in base 15?
-24
What is 22 (base 7) in base 15?
11
What is 10 (base 12) in base 6?
20
1 (base 7) to base 5
1
Convert -51 (base 11) to base 10.
-56
-28 (base 9) to base 11
-24
What is 26 (base 13) in base 3?
1012
Convert -25 (base 16) to base 11.
-34
Convert e (base 15) to base 14.
10
-2 (base 13) to base 16
-2
-105 (base 8) to base 5
-234
What is e (base 15) in base 7?
20
Convert -2 (base 6) to base 15.
-2
What is -239 (base 11) in base 2?
-100011100
13 (base 4) to base 12
7
What is 2 (base 14) in base 9?
2
Convert 0 (base 10) to base 12.
0
Convert 0 (base 15) to base 12.
0
What is -96 (base 15) in base 2?
-10001101
0 (base 12) to base 10
0
Convert -7 (base 13) to base 4.
-13
5 (base 12) to base 10
5
Convert -115 (base 6) to base 10.
-47
27 (base 16) to base 4
213
What is -115 (base 6) in base 14?
-35
-144 (base 12) to base 11
-169
26 (base 8) to base 15
17
-1 (base 14) to base 8
-1
Convert -3 (base 7) to base 10.
-3
What is 8 (base 13) in base 4?
20
What is 36 (base 7) in base 10?
27
-4 (base 6) to base 15
-4
-54 (base 14) to base 16
-4a
What is -1 (base 3) in base 4?
-1
What is 10 (base 4) in base 12?
4
-1 (base 15) to base 11
-1
Convert -1 (base 10) to base 4.
-1
-10 (base 3) to base 7
-3
ac (base 16) to base 2
10101100
What is 100 (base 5) in base 15?
1a
Convert 12 (base 7) to base 8.
11
-2 (base 15) to base 14
-2
-10 (base 3) to base 5
-3
Convert -1101 (base 2) to base 10.
-13
Convert -1303 (base 4) to base 10.
-115
What is 1002 (base 3) in base 2?
11101
-3021 (base 4) to base 8
-311
What is -101 (base 11) in base 3?
-11112
Convert -3 (base 9) to base 13.
-3
Convert 2 (base 7) to base 16.
2
Convert 2a (base 16) to base 11.
39
135 (base 12) to base 10
185
What is -20 (base 13) in base 6?
-42
-61 (base 8) to base 10
-49
Convert -2 (base 10) to base 7.
-2
-6 (base 7) to base 10
-6
Convert 61 (base 14) to base 2.
1010101
Convert 0 (base 13) to base 6.
0
4 (base 12) to base 13
4
-15 (base 14) to base 4
-103
What is 11 (base 7) in base 8?
10
What is 7 (base 11) in base 2?
111
What is -17 (base 16) in base 7?
-32
22 (base 13) to base 2
11100
22 (base 5) to base 9
13
2 (base 10) to base 14
2
Convert -21 (base 3) to base 14.
-7
-2 (base 4) to base 6
-2
What is 10 (base 3) in base 12?
3
What is -28 (base 12) in base 5?
-112
What is 6 (base 9) in base 15?
6
-ee (base 15) to base 4
-3200
-11 (base 7) to base 2
-1000
Convert -a (base 11) to base 14.
-a
Convert -1100 (base 4) to base 5.
-310
Convert 63 (base 16) to base 8.
143
Convert 9c (base 16) to base 4.
2130
-14 (base 7) to base 4
-23
93 (base 16) to base 5
1042
28 (base 15) to base 8
46
What is -1 (base 2) in base 10?
-1
15 (base 9) to base 15
e
-2 (base 3) to base 11
-2
What is -4 (base 7) in base 14?
-4
What is -a (base 16) in base 6?
-14
Convert -10 (base 9) to base 16.
-9
What is -2 (base 14) in base 2?
-10
-10 (base 8) to base 7
-11
Convert -62 (base 11) to base 7.
-125
Convert -2 (base 7) to base 8.
-2
Convert 213 (base 9) to base 8.
256
What is -46 (base 14) in base 15?
-42
14 (base 5) to base 4
21
11 (base 2) to base 15
3
Convert -13 (base 16) to base 7.
-25
36 (base 8) to base 14
22
0 (base 7) to base 16
0
10020 (base 3) to base 9
106
2210 (base 3) to base 2
1001011
What is -4 (base 11) in base 10?
-4
What is 21 (base 11) in base 16?
17
Convert -1 (base 3) to base 7.
-1
What is -421 (base 5) in base 16?
-6f
What is -4 (base 6) in base 3?
-11
Convert -13 (base 4) to base 5.
-12
What is a (base 16) in base 8?
12
Convert -101100 (base 2) to base 4.
-230
2 (base 15) to base 9
2
Convert 11 (base 4) to base 8.
5
Convert -1022 (base 6) to base 11.
-19a
Convert 13 (base 8) to base 10.
11
What is 12020 (base 3) in base 14?
a1
-3 (base 5) to base 12
-3
Convert -46 (base 11) to base 5.
-200
4 (base 11) to base 3
11
What is -12 (base 5) in base 9?
-7
What is -1050 (base 6) in base 7?
-501
-a4 (base 11) to base 7
-222
What is -2111 (base 3) in base 5?
-232
4 (base 8) to base 4
10
33 (base 6) to base 16
15
Convert -11 (base 15) to base 12.
-14
What is -33 (base 4) in base 2?
-1111
Convert -1321 (base 4) to base 8.
-171
What is -bd (base 15) in base 12?
-12a
What is 0 (base 7) in base 12?
0
-2 (base 14) to base 2
-10
Convert 12 (base 16) to base 13.
15
-1 (base 3) to base 10
-1
What is -41 (base 6) in base 8?
-31
25 (base 16) to base 13
2b
Convert 1b (base 12) to base 7.
32
What is -235 (base 8) in base 16?
-9d
What is -2222 (base 3) in base 15?
-55
3 (base 4) to base 9
3
Convert 100 (base 3) to base 10.
9
c3 (base 15) to base 3
20210
What is 0 (base 8) in base 10?
0
Convert -1300 (base 6) to base 3.
-110000
Convert 13 (base 12) to base 8.
17
61 (base 13) to base 11
72
What is 15 (base 10) in base 16?
f
-24 (base 6) to base 7
-22
What is -109 (base 16) in base 10?
-265
Convert 132 (base 8) to base 11.
82
What is -4 (base 12) in base 8?
-4
Convert 30 (base 8) to base 9.
26
Convert a7 (base 13) to base 5.
1022
Convert -110111 (base 2) to base 16.
-37
-20 (base 4) to base 9
-8
Convert -3 (base 12) to base 16.
-3
-1 (base 15) to base 14
-1
-32 (base 4) to base 8
-16
Convert 6 (base 10) to base 16.
6
What is -4 (base 10) in base 4?
-10
What is -71 (base 10) in base 8?
-107
Convert 87 (base 12) to base 8.
147
What is -3 (base 11) in base 4?
-3
What is 111 (base 10) in base 16?
6f
1221 (base 3) to base 13
40
Convert -5 (base 6) to base 5.
-10
What is 301 (base 6) in base 8?
155
Convert -28 (base 9) to base 7.
-35
What is 30 (base 13) in base 8?
47
Convert 230 (base 7) to base 11.
a9
-2340 (base 5) to base 16
-159
10002 (base 3) to base 9
102
Convert -412 (base 5) to base 14.
-79
-20 (base 4) to base 15
-8
What is -dd (base 16) in base 3?
-22012
Convert -1 (base 8